{"id":8774,"date":"2023-11-08T09:15:05","date_gmt":"2023-11-08T08:15:05","guid":{"rendered":"https:\/\/bambalina.es\/arcon\/ferrabras-de-bambalina-teatre-practicable-musica-ramon-cardo-1987"},"modified":"2023-11-08T09:19:39","modified_gmt":"2023-11-08T08:19:39","slug":"ferrabras-de-bambalina-teatre-practicable-musica-ramon-cardo-1987","status":"publish","type":"extras","link":"https:\/\/bambalina.es\/ca\/arcon\/ferrabras-de-bambalina-teatre-practicable-musica-ramon-cardo-1987","title":{"rendered":"Ferrabr\u00e0s, de Bambalina Teatre Practicable. M\u00fasica: Ram\u00f3n Cardo (1987)"},"content":{"rendered":"\n<p>Hem remasteritzat i digitalitzat l&#8217;antic vinil del nostre primer musical per a titelles i actors: Ferrabr\u00e0s, que estren\u00e0rem al 1987. Aix\u00ed el podr\u00e0 escoltar qualsevol que li puga interessar en les actuals plataformes d&#8217;estreaming. Vist des d&#8217;ara, aquell va ser un projecte molt innovador que encara conserva moltes qualitats, que han agafat valor amb el temps, especialment la composici\u00f3 i interpretaci\u00f3 de la m\u00fasica de Ramon Cardo que continua sonant tan vibrant, divertida i original com el primer dia.<\/p>\n\n\n\n<a class=\"gb-button gb-button-7e0fbebf\" href=\"https:\/\/open.spotify.com\/intl-es\/album\/0naeZ5OJTOfE9C7YUxBIkt?si=dWSbSvrlTsyBGz_l8uwihQ&amp;context=spotify%3Aalbum%3A0naeZ5OJTOfE9C7YUxBIkt&amp;nd=1\" target=\"_blank\" rel=\"noopener noreferrer\"><span class=\"gb-icon\"><svg viewBox=\"0 0 496 512\" height=\"1em\" xmlns=\"http:\/\/www.w3.org\/2000\/svg\"><path d=\"M248 8C111.1 8 0 119.1 0 256s111.1 248 248 248 248-111.1 248-248S384.9 8 248 8zm100.7 364.9c-4.2 0-6.8-1.3-10.7-3.6-62.4-37.6-135-39.2-206.7-24.5-3.9 1-9 2.6-11.9 2.6-9.7 0-15.8-7.7-15.8-15.8 0-10.3 6.1-15.2 13.6-16.8 81.9-18.1 165.6-16.5 237 26.2 6.1 3.9 9.7 7.4 9.7 16.5s-7.1 15.4-15.2 15.4zm26.9-65.6c-5.2 0-8.7-2.3-12.3-4.2-62.5-37-155.7-51.9-238.6-29.4-4.8 1.3-7.4 2.6-11.9 2.6-10.7 0-19.4-8.7-19.4-19.4s5.2-17.8 15.5-20.7c27.8-7.8 56.2-13.6 97.8-13.6 64.9 0 127.6 16.1 177 45.5 8.1 4.8 11.3 11 11.3 19.7-.1 10.8-8.5 19.5-19.4 19.5zm31-76.2c-5.2 0-8.4-1.3-12.9-3.9-71.2-42.5-198.5-52.7-280.9-29.7-3.6 1-8.1 2.6-12.9 2.6-13.2 0-23.3-10.3-23.3-23.6 0-13.6 8.4-21.3 17.4-23.9 35.2-10.3 74.6-15.2 117.5-15.2 73 0 149.5 15.2 205.4 47.8 7.8 4.5 12.9 10.7 12.9 22.6 0 13.6-11 23.3-23.2 23.3z\"><\/path><\/svg><\/span><span class=\"gb-button-text\">ESCUCHAR EN SPOTIFY<\/span><\/a>\n","protected":false},"excerpt":{"rendered":"<p>Hem remasteritzat i digitalitzat l&#8217;antic vinil del nostre primer musical per a titelles i actors: Ferrabr\u00e0s, que estren\u00e0rem al 1987. &#8230; <\/p>\n<p class=\"read-more-container\"><a title=\"Ferrabr\u00e0s, de Bambalina Teatre Practicable. M\u00fasica: Ram\u00f3n Cardo (1987)\" class=\"read-more button\" href=\"https:\/\/bambalina.es\/ca\/arcon\/ferrabras-de-bambalina-teatre-practicable-musica-ramon-cardo-1987#more-8774\" aria-label=\"M\u00e9s informaci\u00f3 sobre Ferrabr\u00e0s, de Bambalina Teatre Practicable. M\u00fasica: Ram\u00f3n Cardo (1987)\">Read more<\/a><\/p>\n","protected":false},"author":1,"featured_media":8768,"template":"","class_list":["post-8774","extras","type-extras","status-publish","has-post-thumbnail","hentry","extra_cat-cd-musica-ca","infinite-scroll-item"],"acf":[],"_links":{"self":[{"href":"https:\/\/bambalina.es\/ca\/wp-json\/wp\/v2\/extras\/8774","targetHints":{"allow":["GET"]}}],"collection":[{"href":"https:\/\/bambalina.es\/ca\/wp-json\/wp\/v2\/extras"}],"about":[{"href":"https:\/\/bambalina.es\/ca\/wp-json\/wp\/v2\/types\/extras"}],"author":[{"embeddable":true,"href":"https:\/\/bambalina.es\/ca\/wp-json\/wp\/v2\/users\/1"}],"version-history":[{"count":1,"href":"https:\/\/bambalina.es\/ca\/wp-json\/wp\/v2\/extras\/8774\/revisions"}],"predecessor-version":[{"id":8775,"href":"https:\/\/bambalina.es\/ca\/wp-json\/wp\/v2\/extras\/8774\/revisions\/8775"}],"wp:featuredmedia":[{"embeddable":true,"href":"https:\/\/bambalina.es\/ca\/wp-json\/wp\/v2\/media\/8768"}],"wp:attachment":[{"href":"https:\/\/bambalina.es\/ca\/wp-json\/wp\/v2\/media?parent=8774"}],"curies":[{"name":"wp","href":"https:\/\/api.w.org\/{rel}","templated":true}]}}

Ferrabràs, de Bambalina Teatre Practicable. Música: Ramón Cardo (1987)

<p>Hem remasteritzat i digitalitzat l&#8217;antic vinil del nostre primer musical per a titelles i actors: Ferrabràs, que estrenàrem al 1987. Així el podrà escoltar qualsevol que li puga interessar en les actuals plataformes d&#8217;estreaming. Vist des d&#8217;ara, aquell va ser un projecte molt innovador que encara conserva moltes qualitats, que han agafat valor amb el temps, especialment la composició i interpretació de la música de Ramon Cardo que continua sonant tan vibrant, divertida i original com el primer dia.</p>



<a class="gb-button gb-button-7e0fbebf" href="https://open.spotify.com/intl-es/album/0naeZ5OJTOfE9C7YUxBIkt?si=dWSbSvrlTsyBGz_l8uwihQ&amp;context=spotify%3Aalbum%3A0naeZ5OJTOfE9C7YUxBIkt&amp;nd=1" target="_blank" rel="noopener noreferrer"><span class="gb-icon"><svg viewBox="0 0 496 512" height="1em" xmlns="http://www.w3.org/2000/svg"><path d="M248 8C111.1 8 0 119.1 0 256s111.1 248 248 248 248-111.1 248-248S384.9 8 248 8zm100.7 364.9c-4.2 0-6.8-1.3-10.7-3.6-62.4-37.6-135-39.2-206.7-24.5-3.9 1-9 2.6-11.9 2.6-9.7 0-15.8-7.7-15.8-15.8 0-10.3 6.1-15.2 13.6-16.8 81.9-18.1 165.6-16.5 237 26.2 6.1 3.9 9.7 7.4 9.7 16.5s-7.1 15.4-15.2 15.4zm26.9-65.6c-5.2 0-8.7-2.3-12.3-4.2-62.5-37-155.7-51.9-238.6-29.4-4.8 1.3-7.4 2.6-11.9 2.6-10.7 0-19.4-8.7-19.4-19.4s5.2-17.8 15.5-20.7c27.8-7.8 56.2-13.6 97.8-13.6 64.9 0 127.6 16.1 177 45.5 8.1 4.8 11.3 11 11.3 19.7-.1 10.8-8.5 19.5-19.4 19.5zm31-76.2c-5.2 0-8.4-1.3-12.9-3.9-71.2-42.5-198.5-52.7-280.9-29.7-3.6 1-8.1 2.6-12.9 2.6-13.2 0-23.3-10.3-23.3-23.6 0-13.6 8.4-21.3 17.4-23.9 35.2-10.3 74.6-15.2 117.5-15.2 73 0 149.5 15.2 205.4 47.8 7.8 4.5 12.9 10.7 12.9 22.6 0 13.6-11 23.3-23.2 23.3z"></path></svg></span><span class="gb-button-text">ESCUCHAR EN SPOTIFY</span></a>

<p>Hem remasteritzat i digitalitzat l&#8217;antic vinil del nostre primer musical per a titelles i actors: Ferrabràs, que estrenàrem al 1987. &#8230; </p>
<p class="read-more-container"><a title="Ferrabràs, de Bambalina Teatre Practicable. Música: Ramón Cardo (1987)" class="read-more button" href="https://bambalina.es/ca/arcon/ferrabras-de-bambalina-teatre-practicable-musica-ramon-cardo-1987#more-8774" aria-label="Més informació sobre Ferrabràs, de Bambalina Teatre Practicable. Música: Ramón Cardo (1987)">Read more</a></p>
