{"id":3457,"date":"2016-06-24T13:38:27","date_gmt":"2016-06-24T11:38:27","guid":{"rendered":"http:\/\/bambalina.es\/ca\/espectaculos\/picaro-mondo"},"modified":"2016-12-16T11:14:43","modified_gmt":"2016-12-16T09:14:43","slug":"picaro-mondo","status":"publish","type":"shows","link":"https:\/\/bambalina.es\/ca\/espectaculos\/picaro-mondo","title":{"rendered":"Picaro Mondo"},"content":{"rendered":"<p>Va haver un temps hist\u00f2ric en qu\u00e8 el saber popular va despla\u00e7ar el fet religi\u00f3s de l&#8217;escena i es va obrir un camp dram\u00e0tic molt m\u00e9s divers i complex. L\u2019anomenada picaresca subjau en tot el nostre espectacle. Hem desenvolupat els assumptes, les t\u00e8cniques i les formes esc\u00e8niques que van caracteritzar eixe tr\u00e0nsit teatral i ho hem fet utilitzant m\u00e0scares, disfresses, titelles i altres artefactes esc\u00e8nics.<\/p>\n<p>Picaro Mondo \u00e9s un homenatge a eixa manera de fer teatre, on all\u00f2 popular i quotidi\u00e0 adquierix categoria d&#8217;espectacle.<\/p>\n","protected":false},"excerpt":{"rendered":"<p>Va haver un temps hist\u00f2ric en qu\u00e8 el saber popular va despla\u00e7ar el fet religi\u00f3s de l&#8217;escena i es va &#8230; <\/p>\n<p class=\"read-more-container\"><a title=\"Picaro Mondo\" class=\"read-more button\" href=\"https:\/\/bambalina.es\/ca\/espectaculos\/picaro-mondo#more-3457\" aria-label=\"M\u00e9s informaci\u00f3 sobre Picaro Mondo\">Read more<\/a><\/p>\n","protected":false},"featured_media":3455,"template":"","meta":{"_acf_changed":false,"footnotes":""},"class_list":["post-3457","shows","type-shows","status-publish","has-post-thumbnail","hentry","infinite-scroll-item"],"acf":[],"_links":{"self":[{"href":"https:\/\/bambalina.es\/ca\/wp-json\/wp\/v2\/shows\/3457","targetHints":{"allow":["GET"]}}],"collection":[{"href":"https:\/\/bambalina.es\/ca\/wp-json\/wp\/v2\/shows"}],"about":[{"href":"https:\/\/bambalina.es\/ca\/wp-json\/wp\/v2\/types\/shows"}],"version-history":[{"count":0,"href":"https:\/\/bambalina.es\/ca\/wp-json\/wp\/v2\/shows\/3457\/revisions"}],"wp:featuredmedia":[{"embeddable":true,"href":"https:\/\/bambalina.es\/ca\/wp-json\/wp\/v2\/media\/3455"}],"wp:attachment":[{"href":"https:\/\/bambalina.es\/ca\/wp-json\/wp\/v2\/media?parent=3457"}],"curies":[{"name":"wp","href":"https:\/\/api.w.org\/{rel}","templated":true}]}}

<p>Va haver un temps històric en què el saber popular va desplaçar el fet religiós de l&#8217;escena i es va obrir un camp dramàtic molt més divers i complex. L’anomenada picaresca subjau en tot el nostre espectacle. Hem desenvolupat els assumptes, les tècniques i les formes escèniques que van caracteritzar eixe trànsit teatral i ho hem fet utilitzant màscares, disfresses, titelles i altres artefactes escènics.</p>
<p>Picaro Mondo és un homenatge a eixa manera de fer teatre, on allò popular i quotidià adquierix categoria d&#8217;espectacle.</p>

<p>Va haver un temps històric en què el saber popular va desplaçar el fet religiós de l&#8217;escena i es va &#8230; </p>
<p class="read-more-container"><a title="Picaro Mondo" class="read-more button" href="https://bambalina.es/ca/espectaculos/picaro-mondo#more-3457" aria-label="Més informació sobre Picaro Mondo">Read more</a></p>
