{"id":3496,"date":"2016-09-26T13:24:34","date_gmt":"2016-09-26T11:24:34","guid":{"rendered":"http:\/\/bambalina.es\/en\/extras\/cyrano-de-bergerac"},"modified":"2023-10-27T12:11:09","modified_gmt":"2023-10-27T10:11:09","slug":"cyrano-de-bergerac","status":"publish","type":"extras","link":"https:\/\/bambalina.es\/en\/arcon\/cyrano-de-bergerac","title":{"rendered":"Cyrano de Bergerac"},"content":{"rendered":"\n<p><strong><em>Cyrano <\/em><\/strong>fue en su momento un espect\u00e1culo de Bambalina, que ahora, transcurridos nueve a\u00f1os, se ha convertido en un bonito libro con ilustraciones, comentarios y propuestas de escenificaci\u00f3n para orientar a los profesores que deseen montarla con sus alumnos. El hecho de que este texto haya acabado en la colecci\u00f3n Micalet Teatre con el n\u00famero 32 en el lomo se debe principalmente al inter\u00e9s en publicarlo que su director, Pasqual Alapont, puso desde que lo viera representar. Yo no entiendo mucho de publicaciones y editoriales pero s\u00e9 que ver una obra teatral impresa en letras de molde revuelta con otras en los anaqueles de las cuatro librer\u00edas que quedan en la ciudad es una de las sensaciones m\u00e1s extraordinarias y emocionantes que se puedan experimentar. Hojeando el libro y releyendo los versos me sobrevienen mil recuerdos ligados a las muchas representaciones que hicimos del montaje. Disfrutamos de aquella experiencia en todos los sentidos. El proceso de ensayos con Gemma Miralles fue muy grato y enriquecedor para todos y las representaciones, todas y cada una de ellas, nos hicieron m\u00e1s amigos y m\u00e1s amantes de la palabra en el teatro. Los sentimientos que ahora contiene este libro tienen mucho que ver con las personas que en su momento animaron su escritura: David Dur\u00e1n, Esperanza Gim\u00e9nez, Ximo Mu\u00f1oz, \u00c1ngeles Gonz\u00e1lez y Josep Policarpo. A todos, gracias de coraz\u00f3n.<\/p>\n","protected":false},"excerpt":{"rendered":"<p>Cyrano fue en su momento un espect\u00e1culo de Bambalina, que ahora, transcurridos nueve a\u00f1os, se ha convertido en un bonito &#8230; <\/p>\n<p class=\"read-more-container\"><a title=\"Cyrano de Bergerac\" class=\"read-more button\" href=\"https:\/\/bambalina.es\/en\/arcon\/cyrano-de-bergerac#more-3496\" aria-label=\"Read more about Cyrano de Bergerac\">Read more<\/a><\/p>\n","protected":false},"author":1,"featured_media":6790,"template":"","class_list":["post-3496","extras","type-extras","status-publish","has-post-thumbnail","hentry","extra_cat-publicaciones-en","infinite-scroll-item"],"acf":[],"_links":{"self":[{"href":"https:\/\/bambalina.es\/en\/wp-json\/wp\/v2\/extras\/3496","targetHints":{"allow":["GET"]}}],"collection":[{"href":"https:\/\/bambalina.es\/en\/wp-json\/wp\/v2\/extras"}],"about":[{"href":"https:\/\/bambalina.es\/en\/wp-json\/wp\/v2\/types\/extras"}],"author":[{"embeddable":true,"href":"https:\/\/bambalina.es\/en\/wp-json\/wp\/v2\/users\/1"}],"version-history":[{"count":3,"href":"https:\/\/bambalina.es\/en\/wp-json\/wp\/v2\/extras\/3496\/revisions"}],"predecessor-version":[{"id":8383,"href":"https:\/\/bambalina.es\/en\/wp-json\/wp\/v2\/extras\/3496\/revisions\/8383"}],"wp:featuredmedia":[{"embeddable":true,"href":"https:\/\/bambalina.es\/en\/wp-json\/wp\/v2\/media\/6790"}],"wp:attachment":[{"href":"https:\/\/bambalina.es\/en\/wp-json\/wp\/v2\/media?parent=3496"}],"curies":[{"name":"wp","href":"https:\/\/api.w.org\/{rel}","templated":true}]}}

<p><strong><em>Cyrano </em></strong>fue en su momento un espectáculo de Bambalina, que ahora, transcurridos nueve años, se ha convertido en un bonito libro con ilustraciones, comentarios y propuestas de escenificación para orientar a los profesores que deseen montarla con sus alumnos. El hecho de que este texto haya acabado en la colección Micalet Teatre con el número 32 en el lomo se debe principalmente al interés en publicarlo que su director, Pasqual Alapont, puso desde que lo viera representar. Yo no entiendo mucho de publicaciones y editoriales pero sé que ver una obra teatral impresa en letras de molde revuelta con otras en los anaqueles de las cuatro librerías que quedan en la ciudad es una de las sensaciones más extraordinarias y emocionantes que se puedan experimentar. Hojeando el libro y releyendo los versos me sobrevienen mil recuerdos ligados a las muchas representaciones que hicimos del montaje. Disfrutamos de aquella experiencia en todos los sentidos. El proceso de ensayos con Gemma Miralles fue muy grato y enriquecedor para todos y las representaciones, todas y cada una de ellas, nos hicieron más amigos y más amantes de la palabra en el teatro. Los sentimientos que ahora contiene este libro tienen mucho que ver con las personas que en su momento animaron su escritura: David Durán, Esperanza Giménez, Ximo Muñoz, Ángeles González y Josep Policarpo. A todos, gracias de corazón.</p>

<p>Cyrano fue en su momento un espectáculo de Bambalina, que ahora, transcurridos nueve años, se ha convertido en un bonito &#8230; </p>
<p class="read-more-container"><a title="Cyrano de Bergerac" class="read-more button" href="https://bambalina.es/en/arcon/cyrano-de-bergerac#more-3496" aria-label="Read more about Cyrano de Bergerac">Read more</a></p>
